of 1849?
9
What is the tens digit of 18350?
5
What is the units digit of 2613?
3
What is the hundreds digit of 20808?
8
What is the tens digit of 103388?
8
What is the hundreds digit of 78722?
7
What is the units digit of 4105?
5
What is the tens digit of 1258?
5
What is the ten thousands digit of 31130?
3
What is the units digit of 31609?
9
What is the hundreds digit of 3351?
3
What is the tens digit of 787?
8
What is the hundreds digit of 29016?
0
What is the tens digit of 1257?
5
What is the hundreds digit of 259?
2
What is the hundreds digit of 1050?
0
What is the tens digit of 444?
4
What is the thousands digit of 14575?
4
What is the tens digit of 8369?
6
What is the tens digit of 18886?
8
What is the thousands digit of 1577?
1
What is the hundreds digit of 93565?
5
What is the thousands digit of 1522?
1
What is the hundred thousands digit of 106305?
1
What is the thousands digit of 1755?
1
What is the tens digit of 28028?
2
What is the tens digit of 892?
9
What is the thousands digit of 18106?
8
What is the tens digit of 326?
2
What is the units digit of 198?
8
What is the hundreds digit of 173?
1
What is the ten thousands digit of 16669?
1
What is the tens digit of 254?
5
What is the hundreds digit of 34332?
3
What is the hundreds digit of 5615?
6
What is the ten thousands digit of 39918?
3
What is the thousands digit of 2784?
2
What is the hundreds digit of 15626?
6
What is the units digit of 2344?
4
What is the hundreds digit of 28444?
4
What is the units digit of 1389?
9
What is the hundreds digit of 35449?
4
What is the hundreds digit of 5098?
0
What is the hundreds digit of 17643?
6
What is the hundreds digit of 6445?
4
What is the hundreds digit of 893?
8
What is the units digit of 3344?
4
What is the hundreds digit of 378?
3
What is the ten thousands digit of 12250?
1
What is the tens digit of 163?
6
What is the tens digit of 2350?
5
What is the tens digit of 644?
4
What is the tens digit of 7341?
4
What is the tens digit of 2576?
7
What is the units digit of 554?
4
What is the units digit of 933?
3
What is the thousands digit of 14940?
4
What is the ten thousands digit of 101512?
0
What is the thousands digit of 14404?
4
What is the units digit of 2066?
6
What is the tens digit of 689?
8
What is the thousands digit of 50633?
0
What is the ten thousands digit of 39687?
3
What is the units digit of 835?
5
What is the units digit of 23676?
6
What is the hundreds digit of 3514?
5
What is the hundreds digit of 14536?
5
What is the thousands digit of 8063?
8
What is the tens digit of 873?
7
What is the units digit of 7245?
5
What is the hundreds digit of 182?
1
What is the hundreds digit of 2309?
3
What is the tens digit of 2736?
3
What is the tens digit of 3635?
3
What is the tens digit of 10907?
0
What is the tens digit of 18761?
6
What is the tens digit of 4261?
6
What is the hundreds digit of 46168?
1
What is the units digit of 3820?
0
What is the thousands digit of 82125?
2
What is the tens digit of 5964?
6
What is the units digit of 10302?
2
What is the hundreds digit of 35690?
6
What is the hundreds digit of 336?
3
What is the tens digit of 135517?
1
What is the tens digit of 29793?
9
What is the hundred thousands digit of 113441?
1
What is the tens digit of 35?
3
What is the hundreds digit of 462?
4
What is the tens digit of 162227?
2
What is the tens digit of 25930?
3
What is the hundreds digit of 43789?
7
What is the units digit of 2562?
2
What is the tens digit of 1002?
0
What is the tens digit of 4367?
6
What is the thousands digit of 41306?
1
What is the hundreds digit of 4713?
7
What is the units digit of 2655?
5
What is the tens digit of 2088?
8
What is the thousands digit of 5005?
5
What is the hundreds digit of 721?
7
What is the hundreds digit of 5636?
6
What is the hundreds digit of 1299?
2
What is the units digit of 16287?
7
What is the thousands digit of 6810?
6
What is the tens digit of 9427?
2
What is the hundreds digit of 91533?
5
What is the hundreds digit of 29370?
3
What is the hundreds digit of 1063?
0
What is the units digit of 15488?
8
What is the thousands digit of 2392?
2
What is the units digit of 15478?
8
What is the hundreds digit of 2556?
5
What is the tens digit of 865?
6
What is the ten thousands digit of 43685?
4
What is the units digit of 8589?
9
What is the tens digit of 3187?
8
What is the hundreds digit of 33101?
1
What is the tens digit of 58569?
6
What is the tens digit of 80112?
1
What is the hundreds digit of 1092?
0
What is the thousands digit of 6067?
6
What is the hundred thousands digit of 102032?
1
What is the tens digit of 4545?
4
What is the thousands digit of 6367?
6
What is the units digit of 8386?
6
What is the tens digit of 6553?
5
What is the hundreds digit of 65519?
5
What is the hundreds digit of 1709?
7
What is the tens digit of 1199?
9
What is the thousands digit of 1132?
1
What is the thousands digit of 1133?
1
What is the tens digit of 17787?
8
What is the tens digit of 8882?
8
What is the tens digit of 7119?
1
What is the units digit of 1722?
2
What is the units digit of 65?
5
What is the hundreds digit of 88392?
3
What is the hundreds digit of 9571?
5
What is the thousands digit of 16856?
6
What is the units digit of 754?
4
What is the units digit of 49950?
0
What is the units digit of 895?
5
What is the tens digit of 15?
1
What is the tens digit of 8034?
3
What is the units digit of 338?
8
What is the hundreds digit of 1071?
0
What is the thousands digit of 18729?
8
What is the thousands digit of 2258?
2
What is the units digit of 873?
3
What is the ten thousands digit of 50041?
5
What is the units digit of 34892?
2
What is the thousands digit of 51592?
1
What is the units digit of 8638?
8
What is the units digit of 1849?
9
What is the units digit of 983?
3
What is the thousands digit of 2477?
2
What is the tens digit of 1152?
5
What is the units digit of 18418?
8
What is the tens digit of 1043?
4
What is the hundreds digit of 2003?
0
What is the tens digit of 3317?
1
What is the hundreds digit of 14007?
0
What is the hundreds digit of 1502?
5
What is the ten thousands digit of 41352?
4
What is the units digit of 726?
6
What is the hundreds digit of 6490?
4
What is the units digit of 93035?
5
What is the thousands digit of 16445?
6
What is the hundreds digit of 289?
2
What is the hundreds digit of 3397?
3
What is the hundreds digit of 10014?
0
What is the tens digit of 18305?
0
What is the hundreds digit of 60395?
3
What is the hundreds digit of 1689?
6
What is the units digit of 5327?
7
What is the units digit of 3830?
0
What is the tens digit of 1032?
3
What is the hundreds digit of 2172?
1
What is the hundreds digit of 79205?
2
What is the units digit of 34733?
3
What is the thousands digit of 2267?
2
What is the ten thousands digit of 61038?
6
What is the tens digit of 3552?
5
What is the thousands digit of 1015?
1
What is the units digit of 7467?
7
What is the tens digit of 493?
9
What is the hundreds digit of 4582?
5
What is the ten thousands digit of 12288?
1
What is the tens digit of 28960?
6
What is the hundreds digit of 2347?
3
What is the tens digit of 91683?
8
What is the ten thousands digit of 120888?
2
What is the units digit of 12967?
7
What is the units digit of 5046?
6
What is the units digit of 702?
2
What is the units digit of 2951?
1
What is the tens digit of 592?
9
What is the thousands digit of 12596?
2
What is the thousands digit of 5141?
5
What is the tens digit of 289?
8
What is the tens digit of 2333?
3
What is the units digit of 4587?
7
What is the units digit of 18718?
8
What is the thousands digit of 50671?
0
What is the hundreds digit of 5092?
0
What is the units digit of 74658?
8
What is the ten thousands digit of 27645?
2
What is the units digit of 985?
5
What is the hundreds digit of 92906?
9
What is the hundreds digit of 2881?
8
What is the thousands digit of 2929?
2
What is the tens digit of 4305?
0
What is the hundreds digit of 115201?
2
What is the hundreds digit of 600?
6
What is the units digit of 1376?
6
What is the thousands digit of 22888?
2
What is the units digit of 14478?
8
What is the units digit of 5485?
5
What is the thousands digit of 10619?
0
What is the hundreds digit of 54435?
4
What is the units digit of 1476?